{"id":28,"date":"2017-11-02T13:03:25","date_gmt":"2017-11-02T12:03:25","guid":{"rendered":"http:\/\/agenux.org\/?page_id=28"},"modified":"2025-02-15T16:16:09","modified_gmt":"2025-02-15T15:16:09","slug":"bienvenue","status":"publish","type":"page","link":"https:\/\/agenux.org\/","title":{"rendered":"Bienvenue"},"content":{"rendered":"<div id=\"post-1\" class=\"post-1 post type-post status-publish format-standard hentry category-non-classe\">\n<div class=\"entry-content\">\n<div class=\"entry-content\">\n<h1>Bienvenue sur le site d\u2019aGeNUx<\/h1>\n<p><em>\u00a0<strong>Vous \u00eates bien sur le site de l\u2019association aGeNUx !<\/strong><\/em><\/p>\n<ul>\n<li>L\u2019association s\u2019est donn\u00e9 comme but de faire la promotion du syst\u00e8me d\u2019exploitation GNU\/Linux,\u00a0 des logiciels libres et de la culture libre sur Agen et dans le Lot-et-Garonne (47).<\/li>\n<\/ul>\n<ul>\n<li>C\u2019est dans ce but qu\u2019elle r\u00e9unit des passionn\u00e9s des logiciels libres mais aussi des n\u00e9ophytes d\u00e9sireux d\u2019en apprendre un peu plus sur LibreOffice, Firefox, GNU\/Linux ou autres et trouver ainsi des alternatives aux logiciels commerciaux propri\u00e9taires.<\/li>\n<\/ul>\n<h3><strong>Vous d\u00e9couvrirez sur notre site<\/strong> :<\/h3>\n<ul>\n<li>Toutes les informations sur l\u2019association dans la section <a href=\"http:\/\/agenux.org\/?page_id=37\">association<\/a><\/li>\n<li>Les \u00e9v\u00e8nements pass\u00e9s et \u00e0 venir dans lesquels s\u2019implique l\u2019association sur la page <a href=\"https:\/\/agenux.org\/?cat=24\">agenda<\/a><\/li>\n<li>La Documentation mise \u00e0 disposition par les membres dans la section <a href=\"http:\/\/agenux.org\/?page_id=39\">documentation\u00a0<\/a><\/li>\n<li>La programmation des ateliers ainsi que les compte-rendus et tutoriels qui en d\u00e9coulent dans la section <a href=\"https:\/\/agenux.org\/?cat=10\">\u00ab\u00a0Ateliers Chocolat\u00a0\u00bb<\/a><\/li>\n<li><a href=\"http:\/\/agenux.org\/?page_id=42\">Le plan du site<\/a><\/li>\n<li>O\u00f9 et comment nous <a href=\"https:\/\/agenux.org\/?page_id=45\">contacter<\/a><\/li>\n<li>Nous <a href=\"https:\/\/agenux.org\/?page_id=45\">soutenir<\/a><\/li>\n<\/ul>\n<p><strong>Deux listes de diffusion <\/strong>:<br \/>Cependant, avant de vous inscrire aux listes, afin d\u2019utiliser correctement les listes, <em><strong>lisez la Charte d&#8217;utilisation des listes<\/strong><\/em>: <a href=\"https:\/\/agenux.org\/wp-content\/uploads\/2023\/12\/Charte2023.pdf\" target=\"_blank\" rel=\"noopener\">Charte 2023<\/a><\/p>\n<p>\u2013 <strong>La liste dite &#8220;technique&#8221; ouverte \u00e0 tous, <a class=\"moz-txt-link-abbreviated\" href=\"mailto:agenux@listes.abul.org\">agenux@listes.abul.org<\/a><\/strong> pour tout sujet d&#8217;ordre \u00abtechnique\u00bb: demandez de l&#8217;aide, posez des questions, informez avec des annonces etc&#8230; <a href=\"https:\/\/listes.abul.org\/subscribe\/agenux\">Inscription<\/a><\/p>\n<p><strong>\u2013 La liste des adh\u00e9rents d\u2019aGeNUx, <a class=\"moz-txt-link-abbreviated\" href=\"mailto:adherents@listes.agenux.org\">adherents@listes.agenux.org<\/a><\/strong> . Cette liste dont l&#8217;acc\u00e8s est destin\u00e9 aux seuls adh\u00e9rents de l&#8217;association, est r\u00e9serv\u00e9e \u00e0 l\u2019organisation interne de l\u2019association (agenda, organisation d\u2019\u00e9v\u00e9nements, ateliers, vie de l\u2019association, lien avec le bureau&#8230;).<\/p>\n<p>L\u2019abonnement aux listes est bien entendu gratuit et libre\u2026 \ud83d\ude09<\/p>\n<p>\u2013 Le canal <strong>IRC<\/strong> sur le serveur freenode existe mais est tr\u00e8s peu ou pas employ\u00e9\u2026<br \/><strong>canal #agenux sur irc.freenode.net<\/strong><\/p>\n<p>\u2013 <strong>Le r\u00e9seau social <a href=\"https:\/\/social.boc47.org\/@agenux\">Mastodon<\/a><\/strong>.<\/p>\n<\/div>\n<\/div>\n<\/div>\n\n\n<p><\/p>\n","protected":false},"excerpt":{"rendered":"<p>Bienvenue sur le site d\u2019aGeNUx \u00a0Vous \u00eates bien sur le site de l\u2019association aGeNUx ! L\u2019association s\u2019est donn\u00e9 comme but de faire la promotion du syst\u00e8me d\u2019exploitation GNU\/Linux,\u00a0 des logiciels libres et de la culture libre sur Agen et dans le Lot-et-Garonne (47). C\u2019est dans ce but qu\u2019elle r\u00e9unit des passionn\u00e9s des logiciels libres mais &hellip; <a href=\"https:\/\/agenux.org\/\" class=\"more-link\">Continuer la lecture<span class=\"screen-reader-text\"> de &laquo;&nbsp;Bienvenue&nbsp;&raquo;<\/span><\/a><\/p>\n","protected":false},"author":11,"featured_media":0,"parent":0,"menu_order":0,"comment_status":"closed","ping_status":"closed","template":"","meta":{"_s2mail":"yes","footnotes":""},"class_list":["post-28","page","type-page","status-publish","hentry"],"_links":{"self":[{"href":"https:\/\/agenux.org\/index.php?rest_route=\/wp\/v2\/pages\/28","targetHints":{"allow":["GET"]}}],"collection":[{"href":"https:\/\/agenux.org\/index.php?rest_route=\/wp\/v2\/pages"}],"about":[{"href":"https:\/\/agenux.org\/index.php?rest_route=\/wp\/v2\/types\/page"}],"author":[{"embeddable":true,"href":"https:\/\/agenux.org\/index.php?rest_route=\/wp\/v2\/users\/11"}],"replies":[{"embeddable":true,"href":"https:\/\/agenux.org\/index.php?rest_route=%2Fwp%2Fv2%2Fcomments&post=28"}],"version-history":[{"count":0,"href":"https:\/\/agenux.org\/index.php?rest_route=\/wp\/v2\/pages\/28\/revisions"}],"wp:attachment":[{"href":"https:\/\/agenux.org\/index.php?rest_route=%2Fwp%2Fv2%2Fmedia&parent=28"}],"curies":[{"name":"wp","href":"https:\/\/api.w.org\/{rel}","templated":true}]}}